{"id":1883,"date":"2017-03-24T17:59:23","date_gmt":"2017-03-24T17:59:23","guid":{"rendered":"https:\/\/visual-army.com\/?page_id=1883"},"modified":"2023-12-14T23:46:18","modified_gmt":"2023-12-14T23:46:18","slug":"blog-proyectos-render","status":"publish","type":"page","link":"https:\/\/visual-army.com\/?page_id=1883","title":{"rendered":"novedades"},"content":{"rendered":"<section class=\"cs-section\"><div class=\"container\"><div class=\"row\"><div class=\"col-md-12\"><div class=\"cs-column-inner\">[vc_empty_space height=\u00bb50&#8243;][vc_custom_heading text=\u00bbBlog de Visual Army\u00bb font_container=\u00bbtag:h2|font_size:30|text_align:center\u00bb google_fonts=\u00bbfont_family:Muli%3A300%2C300italic%2Cregular%2Citalic|font_style:400%20regular%3A400%3Anormal\u00bb]<\/div><\/div><\/div><\/div><\/section><section class=\"cs-section\"><div class=\"container\"><div class=\"row\"><div class=\"col-md-12\"><div class=\"cs-column-inner\">[vc_empty_space height=\u00bb5px\u00bb]<div class=\"cs-column-text\"><p style=\"text-align: center;\">Aqu\u00ed encontrar\u00e1s una selecci\u00f3n y explicaci\u00f3n de nuestros proyectos render, infografias 3D y la actualidad de Visual Army<\/p>\n<\/div>[vc_empty_space height=\u00bb30px\u00bb][vc_masonry_grid post_type=\u00bbpost\u00bb max_items=\u00bb25&#8243; item=\u00bb2015&#8243; grid_id=\u00bbvc_gid:1498207796350-6d0baecb-b22d-9&#8243;]<\/div><\/div><\/div><\/div><\/section><section class=\"cs-section\" style=\" background-color: #f9f9f9;\"><div class=\"container\"><div class=\"row\"><div class=\"col-md-12\"><div class=\"cs-column-inner\"><div class=\"cs-column-text vc_custom_1498207931110\"><p><strong>\u00bfTe gustan nuestros proyectos?<\/strong> En Visual Army nos encanta la arquitectura, es por eso, que hemos creado este blog.<\/p>\n<p>Aqu\u00ed podr\u00e1s leer toda la informaci\u00f3n relacionada con nuestros trabajos y proyectos render, cosas del despacho o consejos relacionados con los render de arquitectura. Si tu intenci\u00f3n es <a href=\"https:\/\/visual-army.com\/renders-para-concursos-de-arquitectura\/\">participar en un concurso de arquitectura<\/a>, crear una casa 3d o realizar un proyecto en el que necesites tener conocimiento de como crear una infograf\u00eda 3d, estate atento a nuestro blog. Porque poco a poco iremos a\u00f1adiendo contenido valioso para ti, trucos, consejos y casos pr\u00e1cticos.<\/p>\n<p>\u00bfTienes alg\u00fan proyecto y te gustar\u00eda que lo public\u00e1ramos en nuestro blog? Si es as\u00ed, solo tienes que mand\u00e1rnoslo a info@visual-army.com lo revisaremos y lo publicaremos.<\/p>\n<p><strong>Visual Army Team\u00a0<\/strong><\/p>\n<\/div><\/div><\/div><\/div><\/div><\/section>\n","protected":false},"excerpt":{"rendered":"<p><span class=\"entry-read-more\"><a href=\"https:\/\/visual-army.com\/?page_id=1883\" class=\"cs-btn cs-btn-flat cs-btn-rounded cs-btn-xxs cs-btn-flat-accent\">Leer m\u00e1s<\/a><\/span><\/p>\n","protected":false},"author":1,"featured_media":1518,"parent":0,"menu_order":0,"comment_status":"closed","ping_status":"closed","template":"","meta":{"footnotes":""},"class_list":["post-1883","page","type-page","status-publish","has-post-thumbnail","hentry"],"_links":{"self":[{"href":"https:\/\/visual-army.com\/index.php?rest_route=\/wp\/v2\/pages\/1883","targetHints":{"allow":["GET"]}}],"collection":[{"href":"https:\/\/visual-army.com\/index.php?rest_route=\/wp\/v2\/pages"}],"about":[{"href":"https:\/\/visual-army.com\/index.php?rest_route=\/wp\/v2\/types\/page"}],"author":[{"embeddable":true,"href":"https:\/\/visual-army.com\/index.php?rest_route=\/wp\/v2\/users\/1"}],"replies":[{"embeddable":true,"href":"https:\/\/visual-army.com\/index.php?rest_route=%2Fwp%2Fv2%2Fcomments&post=1883"}],"version-history":[{"count":2,"href":"https:\/\/visual-army.com\/index.php?rest_route=\/wp\/v2\/pages\/1883\/revisions"}],"predecessor-version":[{"id":3982,"href":"https:\/\/visual-army.com\/index.php?rest_route=\/wp\/v2\/pages\/1883\/revisions\/3982"}],"wp:featuredmedia":[{"embeddable":true,"href":"https:\/\/visual-army.com\/index.php?rest_route=\/wp\/v2\/media\/1518"}],"wp:attachment":[{"href":"https:\/\/visual-army.com\/index.php?rest_route=%2Fwp%2Fv2%2Fmedia&parent=1883"}],"curies":[{"name":"wp","href":"https:\/\/api.w.org\/{rel}","templated":true}]}}